ird derivative of d**4/12 + 5*d**3/6 + 24*d**2. Give g(w).
-7
Let l(n) be the second derivative of -n**5/20 - 3*n**4/4 - n**3/3 - 6*n**2 - 697*n. Give l(-8).
-60
Let k(o) = o**2 - o - 7. Suppose -4*a + 38*p - 24 = 41*p, -2*a = 2*p + 14. Calculate k(a).
5
Let k(q) = 44*q - 9*q**2 + q**3 + 10*q**2 - 43*q. Calculate k(0).
0
Suppose 0 = 4*n - 3*n + 2. Let o be 1/(-2 + 116/56). Let w(t) = -1 + 15*t - o*t + 0. Calculate w(n).
-3
Let d(g) = -3*g**2 + 2. Suppose 2*x + 168 = -x - 3*b, 280 = -5*x + 2*b. Let t = x - -54. Give d(t).
-10
Suppose -2*q - 4 = a, -3*q + 2 = -4*q. Let l(j) = -6 + a + 3 + j - j**2. Let v = -375 + 375. Calculate l(v).
-3
Let s = -77 - -80. Let i(x) = -s*x**3 - 1 + 0*x**3 + 5*x**2 + 2*x**3. Give i(5).
-1
Let a be (-38)/(-10) - (-3)/15. Suppose -a*c + 4 = -0. Let w(v) be the first derivative of -v**3/3 + 3*v**2/2 - v + 2. Calculate w(c).
1
Let n(a) = -a**2 + 1. Let p(t) = 3*t**2 + 4*t - 2. Let r(y) = 2*n(y) + p(y). Let w be r(-5). Let f(s) = 2*s + w*s**2 - s**3 + 0*s**3 - s. Give f(5).
5
Suppose -p - 2*c = -13, -3*c + 15 = 2*p - 10. Let x(j) = 65 + 2*j**2 - p*j - 65. Let b be x(6). Let r(q) = -q**3 + 7*q**2 - 7*q + 4. Give r(b).
-2
Let w(h) = -2*h**2 - 463*h + h**2 + 471*h. What is w(8)?
0
Let t(h) = -18*h**2 + 27*h - 39. Let i(q) = 10*q**2 - 14*q + 21. Let o(l) = -7*i(l) - 4*t(l). What is o(6)?
21
Let m = -6 + 15. Let z(a) = 12 - m + 2*a + 0*a. Let t(g) = -g - 3. Let s be t(0). Calculate z(s).
-3
Let q(j) = 2*j**3 + j**2 + j - 1. Let g = 38 - 64. Let t be g/195 + (-64)/(-30). Calculate q(t).
21
Let l(p) = -p**2 + 10*p - 7. Let g be l(9). Let h(z) = g*z + z + 10*z - 4*z. Let b = 0 + -1. Calculate h(b).
-9
Let y(g) = -5*g**3 - 2*g**2 - 4*g + 3. Let l(i) = 6*i**3 + 2*i**2 + 4*i - 4. Let s(r) = 6*l(r) + 7*y(r). Let w be (-1)/(-2) + 5/(20/14). Give s(w).
13
Suppose -1 = -8*o + 39. Let p(u) = -u - 1. Calculate p(o).
-6
Suppose 0 = -z + 2*z + 6. Let q = 2 - -1. Let o(d) = 0*d - 11 + q - d. Calculate o(z).
-2
Let i = -316 - -327. Let x(v) = -v**3 + 12*v**2 - 10*v - 13. What is x(i)?
-2
Let n(w) = -5*w + 7. Let m be -7 + (-2 - -14) + (-1 - 1). Calculate n(m).
-8
Let c(u) = -12*u + 4. Let w(v) be the first derivative of -v**2/2 + 30. Let l(t) = -c(t) + 3*w(t). Give l(3).
23
Let h(c) = -c. Let l(r) be the first derivative of -r**3 - 3*r**2 + r - 32. Let f(k) = -3*h(k) + l(k). Give f(2).
-17
Let r(t) be the first derivative of -2*t**3 - 3*t**2/2 - 3*t - 89. What is r(-2)?
-21
Let i(d) = -d + 2 + 2*d + 0*d. Let v(l) = -l - 10. Let a be (-10)/12 - -1 - (-122)/(-12). Let b be v(a). Calculate i(b).
2
Let b be 0 - (-2 - -112)/(-11). Let o(g) = -g**3 + 9*g**2 + 9*g + 7. Calculate o(b).
-3
Let b(i) be the first derivative of i**2 + 15*i + 33. Give b(-8).
-1
Let p(l) be the second derivative of l**5/20 + 5*l**4/12 - 7*l**3/6 - 824*l. What is p(-6)?
6
Let r(z) = -198*z - 382. Let w be r(-2). Let m(d) = -d**3 + 13*d**2 + 12*d + 16. Give m(w).
-12
Let m(d) = d**2 + 7*d + 9. Suppose 0 = -3*x - 3*r, r + 0 = 3*x + 20. Determine m(x).
-1
Let c(d) be the third derivative of d**5/12 + d**4/12 + 12*d**2 - 5*d. Give c(-1).
3
Let y be 1*(-88)/(-55)*(-5)/(-2). Let i(x) be the third derivative of 0*x + 0 + 7*x**2 - 1/3*x**3 - 1/120*x**6 + 1/24*x**y + 7/60*x**5. Give i(7).
5
Let i(u) = -2*u + 1. Let s = 38 - 36. Let a be s - (-4 - (4 - 3)). What is i(a)?
-13
Let g(c) be the first derivative of 20*c**3/3 + c**2/2 - 1. Let p be (-9)/(-36)*-16*(7/4 + -2). Give g(p).
21
Let n(q) = 5*q**2 - 10*q + 1. Let p(y) = 4*y**2 - 8*y + 1. Let h(z) = -3*n(z) + 4*p(z). Calculate h(1).
0
Suppose -50*q = -45*q - 105. Let p(r) = -r**3 + 20*r**2 + 22*r - 23. Calculate p(q).
-2
Let g(r) = -r + 1. Let j = 6 - 18. Let p(w) = -w - 16. Let y be p(j). Determine g(y).
5
Let b(c) = 4 - 11*c**3 + 6*c - 4*c**2 - c + 16*c**3. Let y(t) = -4*t**3 + 4*t**2 - 4*t - 4. Let p be (1 + 0/2)*5. Let l(j) = p*b(j) + 6*y(j). Determine l(-4).
-8
Let a(x) be the first derivative of -x**4/4 + 11*x**3/3 - 6*x**2 + 15*x - 803. What is a(10)?
-5
Let g be ((-15)/20)/((-3)/(-4) - 1). Let z(v) = 0 - 13*v**g + 20*v**3 - 12*v**3 - 1. Give z(1).
-6
Let m(n) = -3*n - 4. Let k be m(-8). Suppose 0*b + b = 3*v - k, 0 = 3*v + 3*b. Let z(t) be the third derivative of t**4/24 - t**3/2 + 2*t**2. What is z(v)?
2
Let l(d) be the second derivative of -d**3/2 - d**2 + 254*d. Suppose 2*b - 3 - 3 = 0. Give l(b).
-11
Suppose -2*t - 2*r - 12 = 0, -7*r = -5*t - 2*r - 40. Let c(p) = -2*p + 1. Determine c(t).
15
Let n(j) = -j**3 + 2 + 23634*j**2 - 23629*j**2 - j + 2*j. Determine n(5).
7
Let f(h) = -37 - 151*h**3 + 4*h - 11*h**2 - 144*h**3 + 296*h**3. Calculate f(11).
7
Let n(b) = 11*b**2 - 19*b - 9. Let j(y) be the first derivative of -5*y**3/3 + 9*y**2/2 + 4*y - 31. Let m(z) = 13*j(z) + 6*n(z). What is m(-3)?
-2
Suppose 0 = -u + 4*k - 34, k - 294 = 5*u - 67. Let i be (-10)/35 + u/(-14). Let b(n) be the second derivative of n**4/6 - n**3/2 - 2*n**2 - 2*n. Determine b(i).
5
Let d(c) = -c**3 - 4*c**2 + 3*c + 3. Suppose 193*q = 194*q - 93. Let l = -97 + q. What is d(l)?
-9
Suppose -24 = -6*s + 12. Let v be -3 + (s - (-3 - -4)). Suppose v*z - 4 + 2 = 0. Let q(r) = -4*r**3 - 1. Give q(z).
-5
Let c(m) = m**3 - 12*m**2 + 13*m + 12. Let d = 1180 + -1169. Give c(d).
34
Let k(p) = 96*p + 14. Let o(b) = -19*b. Let w(h) = k(h) + 5*o(h). Give w(3).
17
Let u(n) = -n - 3. Suppose 0 = 3*x + 5*c + 45, 3 - 2 = -x + 3*c. Determine u(x).
7
Suppose 3*z = m - 16 + 9, 4*m = -3*z - 2. Let q(c) = -4*c**3 - 3*c**2 - 2*c - 2. Calculate q(z).
22
Suppose 3*m - 14 = 5*k + 9, 2*k + 20 = 3*m. Let v(p) be the first derivative of -1 - 4*p + 1/2*p**2. What is v(m)?
2
Let f(h) = 2*h - 11. Suppose -5*o + 76 = 31. Determine f(o).
7
Let h(z) = 7*z + 12. Let a(d) = 3*d + 7. Let q(n) = -5*a(n) + 3*h(n). What is q(5)?
31
Let g(n) = n + 4. Let o = -3 - -23. Let q(h) = -h**2 + 20*h + 3. Let k be q(o). Determine g(k).
7
Let k(q) = -5*q**3 + 25*q**2 + 6*q - 31. Let z(v) = v**3 - 5*v**2 - v + 6. Let i(f) = -2*k(f) - 11*z(f). Let d(l) = l**2 - 4*l - 2. Let b be d(5). What is i(b)?
11
Let k(p) = p**2 + 8*p - 9. Let d(m) = -2*m + 21. Let f be d(15). What is k(f)?
0
Let p(j) be the third derivative of j**6/120 + j**5/60 + j**4/12 - j**3/6 - 44*j**2. Determine p(3).
41
Let n(g) be the second derivative of g**3/6 + g**2 + 2*g. Suppose 4*o = -3*y + y, -12 = -3*y. Let m be n(o). Let t(s) = -s + 4. Determine t(m).
4
Let i(j) = j**2 + 19*j - 47 - 23*j + 50. Calculate i(1).
0
Let l(n) = n**3 - 3*n**2 + 3*n - 3. Let p be (-28)/(-5) + 42/(-70). Suppose 4*m + 2 = -6, p*x - 3*m - 16 = 0. Calculate l(x).
-1
Let i(l) be the second derivative of 0 - 1/2*l**3 + l**2 - 1/24*l**4 - 6*l. Let d(g) be the first derivative of i(g). Calculate d(-5).
2
Suppose -6 = n - 2*b - 15, 0 = -5*n + 3*b + 10. Let x(a) be the second derivative of -1/2*a**2 + 19*a + 5/2*a**3 + 0. Give x(n).
-16
Suppose 0 = 28*o - 71*o. Let y(x) = -x**2 + x + 20. Determine y(o).
20
Let g(l) = -l**2 + 26*l + 502. Let c be g(-13). Let t(w) be the second derivative of -w**4/12 - w**3 - w. Calculate t(c).
5
Let a(q) be the second derivative of -q**3/6 - 3*q**2/2 - 188*q. Give a(-4).
1
Let s be 10 + (-112)/9 + 4/9. Let y(w) = w**2 + 1 - 20*w + w**3 + 20*w. Give y(s).
-3
Let m be (-5 - -9) + 2 + -1. Suppose 5*u + 3*c + m = -4, 0 = 2*u + 4*c + 12. Let l be (-4 - u) + 12/2. Let x(r) = -r**3 + 2*r - 3. Calculate x(l).
-7
Suppose -3*p + 3 = -d, -8*d - 5*p = -11*d - 13. Let x(a) = -a**2 - 7*a - 1. Calculate x(d).
5
Let g(t) be the third derivative of -t**5/40 - t**4/12 - t**3/3 + 9*t**2. Let k(p) be the first derivative of g(p). Determine k(2).
-8
Let s be 5 + (2*2)/(-2). Let m(b) = -4 + 2 - b - 7*b**2 + s. Let y = 5329 - 5328. What is m(y)?
-7
Let l(b) = 2*b**2 - 4*b - 2. Let j be ((-44)/(-16) - 3)*4. Let w be (-2 + j - -5)/2. Suppose -4*n - w = -17. Calculate l(n).
14
Suppose -3*t - 15 = 21. Let u be (5/2 + 18/t)*0. Let n(f) = -f + 8. What is n(u)?
8
Let r(i) = i - 8. Let u be r(10). Let y(d) = -5 + 0*d - 4*d + u*d. Let h(n) = 1. Let o(z) = -6*h(z) - y(z). What is o(2)?
3
Let v(d) = 3*d - 11. Let l(n) = n - 5. Let a(p) = 2*l(p) - v(p). Give a(-5).
6
Let d(n) = n**3 + 3*n**2 + 3. Suppose 15 = -6*k + 11*k. Suppose -5*h = -3*q + 8*q, k*h - 24 = 5*q. Calculate d(q).
3
Let h(p) = -p**2 + 17*p - 24. Let b be h(15). Suppose 2*m = -3*a - m + b, -2*a = 